f 1154626?
2, 11, 31, 1693
What are the prime factors of 125645?
5, 13, 1933
List the prime factors of 899743.
13, 67, 1033
List the prime factors of 483914.
2, 131, 1847
List the prime factors of 15920671.
13, 173, 7079
What are the prime factors of 2442236?
2, 610559
List the prime factors of 22015.
5, 7, 17, 37
List the prime factors of 6702946.
2, 89, 37657
What are the prime factors of 4083272?
2, 41, 59, 211
What are the prime factors of 433087?
433087
List the prime factors of 87460.
2, 5, 4373
What are the prime factors of 208161?
3, 101, 229
What are the prime factors of 4615051?
7, 647, 1019
List the prime factors of 134879.
29, 4651
List the prime factors of 3744360.
2, 3, 5, 3467
List the prime factors of 3026357.
17, 178021
List the prime factors of 693764.
2, 251, 691
What are the prime factors of 123176?
2, 89, 173
List the prime factors of 45100.
2, 5, 11, 41
What are the prime factors of 376153?
376153
List the prime factors of 3230969.
7, 17, 19, 1429
List the prime factors of 17218566.
2, 3, 956587
What are the prime factors of 5381540?
2, 5, 23, 11699
What are the prime factors of 240892?
2, 60223
List the prime factors of 11594179.
11594179
List the prime factors of 68924.
2, 17231
List the prime factors of 216259.
216259
List the prime factors of 11087698.
2, 109, 181, 281
List the prime factors of 2118394.
2, 1059197
List the prime factors of 184536.
2, 3, 11, 233
What are the prime factors of 8693?
8693
What are the prime factors of 316030?
2, 5, 11, 13, 17
What are the prime factors of 5305894?
2, 11, 241177
List the prime factors of 442274.
2, 7, 4513
List the prime factors of 1273411.
1273411
List the prime factors of 2990242.
2, 1039, 1439
List the prime factors of 701870.
2, 5, 13, 5399
List the prime factors of 13027287.
3, 7, 13, 17, 401
What are the prime factors of 869120?
2, 5, 7, 97
List the prime factors of 715984.
2, 73, 613
List the prime factors of 18924895.
5, 11, 223, 1543
List the prime factors of 12855995.
5, 17, 151247
What are the prime factors of 13303929?
3, 31, 143053
List the prime factors of 608945.
5, 121789
List the prime factors of 1615637.
1615637
What are the prime factors of 80246?
2, 40123
List the prime factors of 216270.
2, 3, 5, 89
List the prime factors of 8470316.
2, 31, 83, 823
What are the prime factors of 869022?
2, 3, 7, 11, 19
List the prime factors of 850304.
2, 7, 13, 73
What are the prime factors of 325571?
325571
What are the prime factors of 44658?
2, 3, 827
What are the prime factors of 3665698?
2, 149, 12301
What are the prime factors of 10371476?
2, 2592869
List the prime factors of 5746030.
2, 5, 71, 8093
What are the prime factors of 373317?
3, 7, 29, 613
List the prime factors of 142236.
2, 3, 439
List the prime factors of 813269.
813269
List the prime factors of 776526.
2, 3, 17, 23, 331
List the prime factors of 6639121.
1049, 6329
What are the prime factors of 719245?
5, 19, 67, 113
What are the prime factors of 621018?
2, 3, 34501
List the prime factors of 2656995.
3, 5, 11, 16103
List the prime factors of 153815.
5, 30763
List the prime factors of 3020671.
31, 97441
What are the prime factors of 235917?
3, 11, 2383
List the prime factors of 2615181.
3, 871727
List the prime factors of 2234094.
2, 3, 59, 6311
What are the prime factors of 350308?
2, 7, 12511
List the prime factors of 1790457.
3, 17, 35107
What are the prime factors of 27257252?
2, 11, 227, 2729
What are the prime factors of 150814?
2, 75407
What are the prime factors of 869883?
3, 7, 23, 1801
What are the prime factors of 385896?
2, 3, 7, 2297
List the prime factors of 25932563.
25932563
List the prime factors of 38783.
38783
What are the prime factors of 4084610?
2, 5, 408461
What are the prime factors of 169609?
11, 17, 907
What are the prime factors of 315914?
2, 191, 827
What are the prime factors of 3393049?
11, 173, 1783
What are the prime factors of 1738832?
2, 108677
List the prime factors of 1265358.
2, 3, 31, 6803
List the prime factors of 6898766.
2, 7, 492769
What are the prime factors of 218868?
2, 3, 13, 23, 61
What are the prime factors of 21526202?
2, 19, 317, 1787
What are the prime factors of 28093390?
2, 5, 13, 216103
What are the prime factors of 1852202?
2, 11, 84191
List the prime factors of 246717.
3, 79, 347
What are the prime factors of 5169585?
3, 5, 344639
List the prime factors of 753594.
2, 3, 29, 61, 71
List the prime factors of 309272.
2, 67, 577
List the prime factors of 630127.
630127
What are the prime factors of 1563615?
3, 5, 34747
What are the prime factors of 3549200?
2, 5, 19, 467
What are the prime factors of 430470?
2, 3, 5, 4783
What are the prime factors of 789389?
789389
List the prime factors of 2036117.
311, 6547
What are the prime factors of 2560275?
3, 5, 3793
List the prime factors of 3795883.
7, 13, 59, 101
What are the prime factors of 6760401?
3, 457, 4931
List the prime factors of 877618.
2, 7, 62687
What are the prime factors of 298224?
2, 3, 19, 109
List the prime factors of 23023790.
2, 5, 2302379
What are the prime factors of 11439199?
197, 58067
What are the prime factors of 644052?
2, 3, 191, 281
What are the prime factors of 14024712?
2, 3, 13, 79, 569
List the prime factors of 527269.
19, 27751
What are the prime factors of 7904268?
2, 3, 89, 2467
List the prime factors of 5542115.
5, 1108423
List the prime factors of 7645044.
2, 3, 11, 57917
What are the prime factors of 177895?
5, 47, 757
List the prime factors of 1704303.
3, 409, 463
What are the prime factors of 1198302?
2, 3, 7, 103, 277
List the prime factors of 1065140.
2, 5, 19, 2803
What are the prime factors of 195848?
2, 24481
List the prime factors of 8774165.
5, 137, 12809
List the prime factors of 25979.
83, 313
List the prime factors of 60205.
5, 12041
List the prime factors of 1062889.
151, 7039
What are the prime factors of 175786?
2, 13, 6761
List the prime factors of 247154.
2, 191, 647
What are the prime factors of 696235?
5, 17, 8191
What are the prime factors of 112355?
5, 23, 977
What are the prime factors of 829361?
13, 131, 487
List the prime factors of 1929355.
5, 19, 23, 883
What are the prime factors of 6908731?
1031, 6701
What are the prime factors of 2018957?
2018957
List the prime factors of 36068066.
2, 31, 581743
List the prime factors of 4538376.
2, 3, 21011
What are the prime factors of 7358373?
3, 11, 29, 233
List the prime factors of 37909220.
2, 5, 157, 12073
What are the prime factors of 2246969?
2246969
List the prime factors of 4528723.
23, 196901
What are the prime factors of 2380311?
3, 73, 3623
What are the prime factors of 20182?
2, 10091
List the prime factors of 201301.
47, 4283
List the prime factors of 206212.
2, 31, 1663
List the prime factors of 2079681.
3, 281, 2467
What are the prime factors of 4750675?
5, 190027
What are the prime factors of 134995?
5, 7, 19, 29
What are the prime factors of 143037?
3, 23, 691
List the prime factors of 282278.
2, 53, 2663
What are the prime factors of 9199379?
7, 23, 57139
List the prime factors of 2240685.
3, 5, 17, 29, 101
What are the prime factors of 18250?
2, 5, 73
List the prime factors of 180776.
2, 59, 383
List the prime factors of 19014984.
2, 3, 79, 3343
List the prime factors of 22375.
5, 179
List the prime factors of 363921.
3, 29, 47, 89
List the prime factors of 70681.
13, 5437
List the prime factors of 5722228.
2, 31, 46147
List the prime factors of 845890.
2, 5, 84589
List the prime factors of 52872.
2, 3, 2203
List the prime factors of 34461269.
19, 1813751
What are the prime factors of 664729?
13, 51133
List the prime factors of 163864.
2, 20483
List the prime factors of 1196387.
263, 4549
List the prime factors of 116288.
2, 23, 79
List the prime factors of 196600.
2, 5, 983
List the prime factors of 1123657.
31, 67, 541
What are the prime factors of 301187?
349, 863
What are the prime factors of 4408777?
4408777
What are the prime factors of 127699?
11, 13, 19, 47
List the prime factors of 20989949.
20989949
List the prime factors of 88237.
88237
List the prime factors of 898889.
898889
What are the prime factors of 473245?
5, 94649
What are the prime factors of 1201247?
1201247
What are the prime factors of 560069?
37, 15137
What are the prime factors of 7772082?
2, 3, 12953